ase 9, what is 75581 + 1033?
76624
In base 4, what is 1031322112313 + 10?
1031322112323
In base 15, what is 15702 - 80?
15672
In base 7, what is -5 + 12220505?
12220500
In base 2, what is -110001 + 11100010110100010110100?
11100010110100010000011
In base 2, what is 101110110 + -1010111100111010000110?
-1010111100110100010000
In base 3, what is -211212210111 + -10020?
-211212220201
In base 13, what is 44cb006 - 5?
44cb001
In base 12, what is -2 + -24821a14?
-24821a16
In base 6, what is 4354225112 + -14?
4354225054
In base 5, what is -10330010 + 100220?
-10224240
In base 15, what is 8 - -185eab?
185eb4
In base 8, what is -1133 + -107712?
-111045
In base 14, what is -2dd434 + 2?
-2dd432
In base 6, what is 54 - 4005152?
-4005054
In base 16, what is bcad4f + 14?
bcad63
In base 3, what is 2211210211 + 1110200?
2220021111
In base 13, what is 4 - -14c69184?
14c69188
In base 12, what is -2874 - -1035?
-183b
In base 4, what is 2 + -23023321111?
-23023321103
In base 5, what is 11 - -32030414314?
32030414330
In base 7, what is -261643 + 1533?
-260110
In base 13, what is -5c - 415c4?
-41653
In base 15, what is -4c9 - -1a217a?
1a1ba1
In base 3, what is 2211202011100 - -100020?
2211202111120
In base 12, what is 6775 - -1551?
8106
In base 15, what is 62a5 + -8ee3?
-2c3d
In base 10, what is -3483 + -24088?
-27571
In base 2, what is 10 + 1011001110110101000101?
1011001110110101000111
In base 15, what is 0 - 83d62?
-83d62
In base 4, what is -2223303300320 - 2?
-2223303300322
In base 5, what is -134010024 - 23?
-134010102
In base 10, what is -163494 - -4886?
-158608
In base 11, what is 214 - -5837?
5a50
In base 11, what is -446 + -40578?
-40a13
In base 2, what is 101101100001 + -111000111011100?
-110011001111011
In base 15, what is -16b9b2d - 4?
-16b9b32
In base 5, what is -10113 - 10213434?
-10224102
In base 13, what is -22932434 - 0?
-22932434
In base 4, what is -12123010201 - -131?
-12123010010
In base 9, what is -14814224 + 3?
-14814221
In base 16, what is 1e5190 - -16?
1e51a6
In base 14, what is -47b - -2c4?
-197
In base 13, what is 19 - 1c673a?
-1c6721
In base 3, what is 10202220121000100 + 11?
10202220121000111
In base 16, what is -4 + 7a73d?
7a739
In base 4, what is 21112032131 + -1232?
21112030233
In base 2, what is 10 - -101111100111000111010011000?
101111100111000111010011010
In base 7, what is 10113605 + -20?
10113555
In base 14, what is 68 + 614?
67c
In base 12, what is -4 + 3770a7?
3770a3
In base 8, what is 121014 + -40662?
60132
In base 2, what is -10111010011101101010 + 100101?
-10111010011101000101
In base 10, what is -2245015 + -49?
-2245064
In base 6, what is -3535 - 1053544?
-1101523
In base 15, what is -5708 - 1a7?
-58b0
In base 9, what is -1873 - 12304?
-14277
In base 2, what is -1110 - -1000011101111?
1000011100001
In base 3, what is 20110012211 - 122021?
20102120120
In base 7, what is -140 + -45355533?
-45356003
In base 8, what is -1 - -551064147?
551064146
In base 10, what is 0 - 3547521?
-3547521
In base 6, what is -55 - 120324550?
-120325045
In base 2, what is -1011100111111001111011 - -111000?
-1011100111111001000011
In base 16, what is 6819 + 5cf?
6de8
In base 13, what is -777 - -1515a?
146b3
In base 5, what is 33034301 - 332?
33033414
In base 5, what is -41030 + 2031?
-33444
In base 6, what is 25035324 - 25?
25035255
In base 13, what is -3bb - -6758?
636a
In base 11, what is -1 - 69588026?
-69588027
In base 10, what is 41 - 246270?
-246229
In base 3, what is 1221 - 20022120?
-20020122
In base 14, what is 630 - -bc0?
1410
In base 10, what is -94964106 + -1?
-94964107
In base 13, what is -1482a49 - -6?
-1482a43
In base 5, what is -1131430421440 + -2?
-1131430421442
In base 7, what is -1544 - 6312056?
-6313633
In base 9, what is 33 - -562025?
562058
In base 13, what is 4044a1 + 4?
4044a5
In base 9, what is 1 - 466008?
-466007
In base 6, what is -21112141 - -215?
-21111522
In base 16, what is 2 + -20134c?
-20134a
In base 14, what is 9 + 44a1958?
44a1963
In base 3, what is -2 - 1110112221200200?
-1110112221200202
In base 2, what is -10010001001101 - 100011000011?
-10110100010000
In base 7, what is -5 + -225340043?
-225340051
In base 7, what is 33524 - 205530?
-142003
In base 7, what is -5 + 1052061006?
1052061001
In base 5, what is 300230 + 3044141?
3344421
In base 8, what is -62565 + 61352?
-1213
In base 3, what is -10001111 + -12200220?
-22202101
In base 2, what is -110001001110101011110011 + -1?
-110001001110101011110100
In base 4, what is -13021 - -30332310?
30313223
In base 13, what is -5 - 678766?
-67876b
In base 10, what is 31035899 - -12?
31035911
In base 11, what is 1 - -9a9a476?
9a9a477
In base 3, what is -1 - -220101002102022?
220101002102021
In base 2, what is -100 - -101101100011111001111?
101101100011111001011
In base 16, what is -3 - 268a7fb?
-268a7fe
In base 5, what is -122211431014 - -2?
-122211431012
In base 2, what is -100111 + -1010010000010101111000?
-1010010000010110011111
In base 4, what is 130201 - 201302103?
-201111302
In base 16, what is c3 + -95e4?
-9521
In base 13, what is 138 - -49343?
4947b
In base 2, what is -10101000011010000001 + -1001?
-10101000011010001010
In base 8, what is 1626 - 432774?
-431146
In base 7, what is -405244240 - -1?
-405244236
In base 3, what is 22221121212220 + -112?
22221121212101
In base 2, what is 11 + -1000000011000010111011000001?
-1000000011000010111010111110
In base 8, what is -332074 + 334?
-331540
In base 7, what is -54560145 - -3?
-54560142
In base 2, what is -1000 + 11010111010000010111011?
11010111010000010110011
In base 14, what is -a23ddb - -1a?
-a23dc1
In base 9, what is 6500123 + -4?
6500118
In base 5, what is -200311324210 - 1?
-200311324211
In base 15, what is -1 + -c56838?
-c56839
In base 11, what is 2 + -365602?
-365600
In base 7, what is 10434 - 324326?
-313562
In base 12, what is 60570b + -458?
605273
In base 2, what is -11011001110011111010001 - -1000010?
-11011001110011110001111
In base 12, what is 96b04b68 + 4?
96b04b70
In base 5, what is 11 + 3122304422?
3122304433
In base 5, what is 2322 + -111402143?
-111344321
In base 14, what is 189d0c8 + 4?
189d0cc
In base 4, what is 31310 + 30322012?
31013322
In base 10, what is -400 + 252859?
252459
In base 8, what is 114515 + -1254?
113241
In base 11, what is -34 - -802843?
80280a
In base 16, what is -15f6 - -3c94?
269e
In base 11, what is 2a205043 - 2?
2a205041
In base 13, what is -166a + -278?
-1915
In base 12, what is 1 - -1293b31?
1293b32
In base 7, what is -1 + -131501125?
-131501126
In base 5, what is -2 + -23330034?
-23330041
In base 7, what is -33225 - -404?
-32521
In base 9, what is 136736007 + 27?
136736035
In base 15, what is 3d7a - -192?
401c
In base 16, what is 5c2ea2d + 0?
5c2ea2d
In base 3, what is 11101110200000211 - -1?
11101110200000212
In base 5, what is -1044343443 - -1?
-1044343442
In base 8, what is 514757 + 52?
515031
In base 4, what is -13 - -21023312113?
21023312100
In base 2, what is -1111111110 - -1110111000000?
1100111000010
In base 15, what is -1785194d - -4?
-17851949
In base 14, what is -d54aa + b?
-d549d
In base 9, what is 125 - 435620?
-435484
In base 12, what is -2 + -2375802a?
-23758030
In base 16, what is -e7847 - -1d9?
-e766e
In base 2, what is 101011111001110101111100 - 11?
101011111001110101111001
In base 14, what is -a58852 + 6?
-a5884a
In base 12, what is 11757b + -167?
117414
In base 6, what is -115223055 - -302?
-115222353
In base 7, what is -14425653603 + -3?
-14425653606
In base 12, what is a659 - -99?
a736
In base 4, what is 3 + -12013021002?
-12013020333
In base 12, what is -b0a17ab1 + 4?
-b0a17aa9
In base 10, what is -4 - 4147327?
-4147331
In base 13, what is 46 - 141?
-c8
In base 4, what is 11 - 121110223312?
-121110223301
In base 9, what is -348 + -81335?
-81684
In base 16, what is ccf97cc + -3?
ccf97c9
In base 15, what is 13daaa + 3?
13daad
In base 9, what is -5285332 - -3?
-5285328
In base 6, what is -400 + 1523114?
1522314
In base 13, what is -182 - -159b5?
15833
In base 7, what is 263 + 1511134?
1511430
In base 14, what is 1aac92c + 6?
1aac934
In base 10, what is 789143201 - -5?
789143206
In base 14, what is -102 + 9854?
9752
In base 16, what is -527b1fe + 3?
-527b1fb
In base 9, what is -3 + -65753016?
-65753020
In base 3, what is 112211100121 - -12221?
11221112